3?
0
What is the hundreds digit of 269095329?
3
What is the thousands digit of 217197928?
7
What is the ten millions digit of 22511410?
2
What is the millions digit of 298173772?
8
What is the units digit of 4773777?
7
What is the thousands digit of 223222363?
2
What is the ten thousands digit of 2421056140?
5
What is the hundred thousands digit of 767594411?
5
What is the millions digit of 612188127?
2
What is the units digit of 3328745927?
7
What is the hundred thousands digit of 108510848?
5
What is the ten thousands digit of 77686033?
8
What is the billions digit of 5613941018?
5
What is the ten millions digit of 5138564935?
3
What is the millions digit of 1258355714?
8
What is the ten millions digit of 507555531?
0
What is the hundreds digit of 360765954?
9
What is the ten millions digit of 200475478?
0
What is the ten thousands digit of 417344584?
4
What is the ten millions digit of 2952453553?
5
What is the ten thousands digit of 15900334?
0
What is the hundred thousands digit of 24187168?
1
What is the hundred thousands digit of 37192214?
1
What is the ten thousands digit of 8788583361?
8
What is the units digit of 58284761?
1
What is the ten thousands digit of 6224521447?
2
What is the units digit of 189818705?
5
What is the millions digit of 31044182?
1
What is the hundreds digit of 117166487?
4
What is the millions digit of 917095032?
7
What is the hundreds digit of 3960402068?
0
What is the millions digit of 5364611893?
4
What is the hundreds digit of 19468150?
1
What is the units digit of 1001133?
3
What is the millions digit of 78099485?
8
What is the millions digit of 60415728?
0
What is the ten millions digit of 56342727?
5
What is the tens digit of 2047738337?
3
What is the thousands digit of 110717516?
7
What is the millions digit of 27600018?
7
What is the hundred thousands digit of 306979377?
9
What is the hundred millions digit of 4406107398?
4
What is the thousands digit of 103603314?
3
What is the tens digit of 149316503?
0
What is the ten thousands digit of 39029103?
2
What is the units digit of 2253665298?
8
What is the millions digit of 64147979?
4
What is the thousands digit of 6190143606?
3
What is the hundreds digit of 5133955723?
7
What is the thousands digit of 13564404?
4
What is the hundred thousands digit of 7080618?
0
What is the tens digit of 831939341?
4
What is the tens digit of 44043350?
5
What is the units digit of 78000044?
4
What is the hundreds digit of 1366964914?
9
What is the millions digit of 3051195640?
1
What is the hundred millions digit of 343305315?
3
What is the units digit of 24753494?
4
What is the ten millions digit of 404739036?
0
What is the tens digit of 9590881?
8
What is the hundreds digit of 69126791?
7
What is the hundred millions digit of 1239102398?
2
What is the ten millions digit of 61108504?
6
What is the thousands digit of 190935232?
5
What is the tens digit of 18834733?
3
What is the millions digit of 10890833?
0
What is the tens digit of 104930443?
4
What is the thousands digit of 3188794349?
4
What is the units digit of 141319597?
7
What is the millions digit of 165538565?
5
What is the millions digit of 105187413?
5
What is the hundred thousands digit of 57868140?
8
What is the tens digit of 2951946938?
3
What is the hundred thousands digit of 3277845110?
8
What is the hundreds digit of 1172168584?
5
What is the units digit of 956033560?
0
What is the ten millions digit of 29984499?
2
What is the billions digit of 1304333357?
1
What is the ten thousands digit of 2736785675?
8
What is the units digit of 48848352?
2
What is the ten millions digit of 49336958?
4
What is the hundred thousands digit of 5181435910?
4
What is the billions digit of 8794861960?
8
What is the hundred millions digit of 3034012630?
0
What is the hundreds digit of 1574366334?
3
What is the hundred thousands digit of 35900603?
9
What is the tens digit of 473726243?
4
What is the millions digit of 73274240?
3
What is the billions digit of 1044724967?
1
What is the units digit of 299158094?
4
What is the hundred millions digit of 685343675?
6
What is the ten thousands digit of 2300125845?
2
What is the millions digit of 61694435?
1
What is the units digit of 123078273?
3
What is the units digit of 69137863?
3
What is the ten thousands digit of 5979208188?
0
What is the billions digit of 2425023705?
2
What is the ten thousands digit of 46405487?
0
What is the hundred thousands digit of 699054703?
0
What is the ten thousands digit of 1484492261?
9
What is the ten thousands digit of 1971370671?
7
What is the units digit of 52954903?
3
What is the millions digit of 2610625919?
0
What is the units digit of 3808374592?
2
What is the thousands digit of 324354989?
4
What is the hundred millions digit of 143432720?
1
What is the millions digit of 477209715?
7
What is the ten millions digit of 278127999?
7
What is the ten thousands digit of 370315639?
1
What is the millions digit of 2371099484?
1
What is the ten millions digit of 734209445?
3
What is the units digit of 343231796?
6
What is the millions digit of 186671075?
6
What is the units digit of 1815369446?
6
What is the thousands digit of 49722561?
2
What is the units digit of 398105209?
9
What is the hundreds digit of 184203458?
4
What is the ten thousands digit of 22273659?
7
What is the units digit of 104329143?
3
What is the hundreds digit of 273962692?
6
What is the hundreds digit of 2544574767?
7
What is the ten thousands digit of 1278021271?
2
What is the hundred thousands digit of 85025936?
0
What is the ten millions digit of 327042821?
2
What is the hundred thousands digit of 2546050190?
0
What is the millions digit of 317681158?
7
What is the ten thousands digit of 84917851?
1
What is the tens digit of 2635182?
8
What is the thousands digit of 38837761?
7
What is the hundred thousands digit of 45665942?
6
What is the hundred millions digit of 164047710?
1
What is the thousands digit of 1479249819?
9
What is the ten millions digit of 1422752994?
2
What is the millions digit of 299910799?
9
What is the ten millions digit of 859950467?
5
What is the ten thousands digit of 86430456?
3
What is the units digit of 132797223?
3
What is the ten millions digit of 58224226?
5
What is the units digit of 196196105?
5
What is the millions digit of 2312486101?
2
What is the millions digit of 68400110?
8
What is the ten thousands digit of 1575462642?
6
What is the hundreds digit of 875169019?
0
What is the thousands digit of 31959367?
9
What is the hundred millions digit of 138963161?
1
What is the hundred thousands digit of 9040682278?
6
What is the hundred thousands digit of 1144106966?
1
What is the millions digit of 23354434?
3
What is the millions digit of 66649892?
6
What is the hundred millions digit of 571083100?
5
What is the tens digit of 90084333?
3
What is the ten thousands digit of 38449062?
4
What is the millions digit of 345252159?
5
What is the ten thousands digit of 6720559?
2
What is the ten thousands digit of 243528566?
2
What is the thousands digit of 33092680?
2
What is the units digit of 85111694?
4
What is the units digit of 8113345541?
1
What is the hundred thousands digit of 3130704959?
7
What is the hundred thousands digit of 23248825?
2
What is the units digit of 175712500?
0
What is the tens digit of 19592692?
9
What is the thousands digit of 35815893?
5
What is the thousands digit of 1221194735?
4
What is the ten thousands digit of 25583190?
8
What is the millions digit of 113793940?
3
What is the billions digit of 1355832985?
1
What is the units digit of 211241554?
4
What is the millions digit of 58483527?
8
What is the thousands digit of 253021937?
1
What is the tens digit of 54549680?
8
What is the ten thousands digit of 34562179?
6
What is the hundred millions digit of 110269090?
1
What is the millions digit of 7751250?
7
What is the millions digit of 33158353?
3
What is the billions digit of 2084377321?
2
What is the units digit of 5525002479?
9
What is the ten millions digit of 155294455?
5
What is the thousands digit of 356043707?
3
What is the units digit of 127695912?
2
What is the hundreds digit of 218986731?
7
What is the hundred thousands digit of 158954004?
9
What is the hundreds digit of 16372787?
7
What is the hundr